{"id":231870,"date":"2018-06-23T19:03:37","date_gmt":"2018-06-23T17:03:37","guid":{"rendered":"https:\/\/deshalb.de\/projekte\/"},"modified":"2026-03-16T20:55:07","modified_gmt":"2026-03-16T19:55:07","slug":"projekte","status":"publish","type":"page","link":"https:\/\/deshalb.de\/de\/projekte\/","title":{"rendered":"Projekte"},"content":{"rendered":"<p>[et_pb_section fb_built=&#8220;1&#8243; fullwidth=&#8220;on&#8220; _builder_version=&#8220;4.16&#8243; global_colors_info=&#8220;{}&#8220;][et_pb_fullwidth_portfolio fullwidth=&#8220;off&#8220; include_categories=&#8220;3,7,11,2,17,357,14,359,360,361&#8243; show_date=&#8220;off&#8220; zoom_icon_color=&#8220;RGBA(255,255,255,0)&#8220; _builder_version=&#8220;4.27.5&#8243; portfolio_header_font=&#8220;Miso Bold||||||||&#8220; background_color=&#8220;#000000&#8243; hover_enabled=&#8220;0&#8243; global_colors_info=&#8220;{}&#8220; sticky_enabled=&#8220;0&#8243;][\/et_pb_fullwidth_portfolio][\/et_pb_section][et_pb_section fb_built=&#8220;1&#8243; _builder_version=&#8220;4.27.4&#8243; _module_preset=&#8220;default&#8220; background_color=&#8220;#000000&#8243; global_colors_info=&#8220;{}&#8220;][et_pb_row _builder_version=&#8220;4.27.4&#8243; _module_preset=&#8220;default&#8220; width=&#8220;90%&#8220; max_width=&#8220;2560px&#8220; custom_padding=&#8220;||4px|||&#8220; global_colors_info=&#8220;{}&#8220;][et_pb_column type=&#8220;4_4&#8243; _builder_version=&#8220;4.27.4&#8243; _module_preset=&#8220;default&#8220; global_colors_info=&#8220;{}&#8220;][et_pb_text _builder_version=&#8220;4.27.4&#8243; _module_preset=&#8220;default&#8220; text_font=&#8220;Miso Bold||||||||&#8220; text_text_color=&#8220;#FFFFFF&#8220; text_font_size=&#8220;80px&#8220; link_font=&#8220;||||on||||&#8220; link_text_color=&#8220;#FFFFFF&#8220; header_2_text_color=&#8220;#FFFFFF&#8220; header_2_font_size=&#8220;100px&#8220; header_2_letter_spacing=&#8220;1px&#8220; text_font_size_tablet=&#8220;60px&#8220; text_font_size_phone=&#8220;30px&#8220; text_font_size_last_edited=&#8220;on|tablet&#8220; link_letter_spacing_tablet=&#8220;&#8220; link_letter_spacing_phone=&#8220;&#8220; link_letter_spacing_last_edited=&#8220;on|desktop&#8220; header_2_font_size_tablet=&#8220;60px&#8220; header_2_font_size_phone=&#8220;30px&#8220; header_2_font_size_last_edited=&#8220;on|phone&#8220; global_colors_info=&#8220;{}&#8220; link_letter_spacing__hover_enabled=&#8220;on|hover&#8220; link_letter_spacing__hover=&#8220;1px&#8220;]<\/p>\n<p class=\"p1\">DESIGN RETTET VIELLEICHT NICHT DIE WELT. ABER ES KANN MARKEN FORMEN, DIE ETWAS VER\u00c4NDERN. WIR ARBEITEN MIT GR\u00dcNDERINNEN UND GR\u00dcNDERN, UNTERNEHMEN UND MARKEN, DIE DEN MUT HABEN, NEUES ZU DENKEN. BEREIT F\u00dcR DEN N\u00c4CHSTEN SCHRITT?    <a href=\"mailto:info@deshalb.de\">LASS UNS LOSLEGEN.<\/a><\/p>\n<p>[\/et_pb_text][\/et_pb_column][\/et_pb_row][\/et_pb_section]<\/p>\n","protected":false},"excerpt":{"rendered":"<p>DESIGN RETTET VIELLEICHT NICHT DIE WELT. ABER ES KANN MARKEN FORMEN, DIE ETWAS VER\u00c4NDERN. WIR ARBEITEN MIT GR\u00dcNDERINNEN UND GR\u00dcNDERN, UNTERNEHMEN UND MARKEN, DIE DEN MUT HABEN, NEUES ZU DENKEN. [&hellip;]<\/p>\n","protected":false},"author":1,"featured_media":0,"parent":0,"menu_order":0,"comment_status":"closed","ping_status":"closed","template":"","meta":{"_et_pb_use_builder":"on","_et_pb_old_content":"","_et_gb_content_width":"","footnotes":""},"dipi_cpt_category":[],"class_list":["post-231870","page","type-page","status-publish","hentry"],"yoast_head":"<!-- This site is optimized with the Yoast SEO Premium plugin v27.4 (Yoast SEO v27.4) - https:\/\/yoast.com\/product\/yoast-seo-premium-wordpress\/ -->\n<title>Projekte \u2013 deshalb. | Desha Nujsongsinn Art Direction | Grafikdesign<\/title>\n<meta name=\"description\" content=\"deshalb. | D\u00e9sha Nujsongsinn ist ein freiberuflicher Art Director und Grafikdesigner mit Sitz in M\u00fcnchen. Art Direction | Grafikdesign | Illustration\" \/>\n<meta name=\"robots\" content=\"index, follow, max-snippet:-1, max-image-preview:large, max-video-preview:-1\" \/>\n<link rel=\"canonical\" href=\"https:\/\/deshalb.de\/de\/projekte\/\" \/>\n<meta property=\"og:locale\" content=\"de_DE\" \/>\n<meta property=\"og:type\" content=\"article\" \/>\n<meta property=\"og:title\" content=\"projects by deshalb. | Desha Nujsongsinn Art Direction | Graphic Design\" \/>\n<meta property=\"og:description\" content=\"Arbeiten von deshalb. | D\u00e9sha Nujsongsinn Art Direction | Grafikdesign | Illustration aus M\u00fcnchen\" \/>\n<meta property=\"og:url\" content=\"https:\/\/deshalb.de\/de\/projekte\/\" \/>\n<meta property=\"og:site_name\" content=\"deshalb.de\" \/>\n<meta property=\"article:modified_time\" content=\"2026-03-16T19:55:07+00:00\" \/>\n<meta property=\"og:image\" content=\"https:\/\/deshalb.de\/wp-content\/uploads\/2018\/09\/deshalb_DeshaNujsongsinn_projects__branding_graphicdesign_logo_cover3.jpg\" \/>\n<meta name=\"twitter:card\" content=\"summary_large_image\" \/>\n<meta name=\"twitter:title\" content=\"Projekte von deshalb. | Desha Nujsongsinn \u2013 Art Direction | Grafikdesign\" \/>\n<meta name=\"twitter:description\" content=\"Arbeiten von deshalb. | D\u00e9sha Nujsongsinn Art Direction | Grafikdesign | Illustration aus M\u00fcnchen\" \/>\n<meta name=\"twitter:image\" content=\"https:\/\/deshalb.de\/wp-content\/uploads\/2018\/09\/deshalb_DeshaNujsongsinn_projects__branding_graphicdesign_logo_cover3.jpg\" \/>\n<meta name=\"twitter:label1\" content=\"Gesch\u00e4tzte Lesezeit\" \/>\n\t<meta name=\"twitter:data1\" content=\"1\u00a0Minute\" \/>\n<script type=\"application\/ld+json\" class=\"yoast-schema-graph\">{\"@context\":\"https:\\\/\\\/schema.org\",\"@graph\":[{\"@type\":\"WebPage\",\"@id\":\"https:\\\/\\\/deshalb.de\\\/de\\\/projekte\\\/\",\"url\":\"https:\\\/\\\/deshalb.de\\\/de\\\/projekte\\\/\",\"name\":\"Projekte \u2013 deshalb. | Desha Nujsongsinn Art Direction | Grafikdesign\",\"isPartOf\":{\"@id\":\"https:\\\/\\\/deshalb.de\\\/de\\\/#website\"},\"datePublished\":\"2018-06-23T17:03:37+00:00\",\"dateModified\":\"2026-03-16T19:55:07+00:00\",\"description\":\"deshalb. | D\u00e9sha Nujsongsinn ist ein freiberuflicher Art Director und Grafikdesigner mit Sitz in M\u00fcnchen. Art Direction | Grafikdesign | Illustration\",\"breadcrumb\":{\"@id\":\"https:\\\/\\\/deshalb.de\\\/de\\\/projekte\\\/#breadcrumb\"},\"inLanguage\":\"de\",\"potentialAction\":[{\"@type\":\"ReadAction\",\"target\":[\"https:\\\/\\\/deshalb.de\\\/de\\\/projekte\\\/\"]}]},{\"@type\":\"BreadcrumbList\",\"@id\":\"https:\\\/\\\/deshalb.de\\\/de\\\/projekte\\\/#breadcrumb\",\"itemListElement\":[{\"@type\":\"ListItem\",\"position\":1,\"name\":\"Startseite\",\"item\":\"https:\\\/\\\/deshalb.de\\\/de\\\/\"},{\"@type\":\"ListItem\",\"position\":2,\"name\":\"Projekte\"}]},{\"@type\":\"WebSite\",\"@id\":\"https:\\\/\\\/deshalb.de\\\/de\\\/#website\",\"url\":\"https:\\\/\\\/deshalb.de\\\/de\\\/\",\"name\":\"deshalb.de\",\"description\":\"deshalb. | D\u00e9sha Nujsongsinn Art Direction &amp; Design\",\"publisher\":{\"@id\":\"https:\\\/\\\/deshalb.de\\\/de\\\/#organization\"},\"potentialAction\":[{\"@type\":\"SearchAction\",\"target\":{\"@type\":\"EntryPoint\",\"urlTemplate\":\"https:\\\/\\\/deshalb.de\\\/de\\\/?s={search_term_string}\"},\"query-input\":{\"@type\":\"PropertyValueSpecification\",\"valueRequired\":true,\"valueName\":\"search_term_string\"}}],\"inLanguage\":\"de\"},{\"@type\":\"Organization\",\"@id\":\"https:\\\/\\\/deshalb.de\\\/de\\\/#organization\",\"name\":\"deshalb. | Desha Nujsongsinn\",\"url\":\"https:\\\/\\\/deshalb.de\\\/de\\\/\",\"logo\":{\"@type\":\"ImageObject\",\"inLanguage\":\"de\",\"@id\":\"https:\\\/\\\/deshalb.de\\\/de\\\/#\\\/schema\\\/logo\\\/image\\\/\",\"url\":\"https:\\\/\\\/deshalb.de\\\/wp-content\\\/uploads\\\/2018\\\/09\\\/deshalb_logo-1.png\",\"contentUrl\":\"https:\\\/\\\/deshalb.de\\\/wp-content\\\/uploads\\\/2018\\\/09\\\/deshalb_logo-1.png\",\"width\":780,\"height\":206,\"caption\":\"deshalb. | Desha Nujsongsinn\"},\"image\":{\"@id\":\"https:\\\/\\\/deshalb.de\\\/de\\\/#\\\/schema\\\/logo\\\/image\\\/\"},\"sameAs\":[\"https:\\\/\\\/www.instagram.com\\\/deshalbpunkt\\\/\",\"https:\\\/\\\/www.linkedin.com\\\/company\\\/deshalb-\",\"https:\\\/\\\/www.behance.net\\\/studiodeshalb\"],\"description\":\"Design may not change the world. The brands we help to create do. \u00abdeshalb.\u00bb is an independent design studio based in Germany. At \u00abdeshalb.\u00bb we shape visionary brands, curating experiences and campaigns that stand out. We stir up a bold cocktail of forward-thinking creativity, relentless optimism, and contagious energy to build something extraordinary. Our strategy involves technology and design to make every interaction with a brand leave an impact.\"}]}<\/script>\n<!-- \/ Yoast SEO Premium plugin. -->","yoast_head_json":{"title":"Projekte \u2013 deshalb. | Desha Nujsongsinn Art Direction | Grafikdesign","description":"deshalb. | D\u00e9sha Nujsongsinn ist ein freiberuflicher Art Director und Grafikdesigner mit Sitz in M\u00fcnchen. Art Direction | Grafikdesign | Illustration","robots":{"index":"index","follow":"follow","max-snippet":"max-snippet:-1","max-image-preview":"max-image-preview:large","max-video-preview":"max-video-preview:-1"},"canonical":"https:\/\/deshalb.de\/de\/projekte\/","og_locale":"de_DE","og_type":"article","og_title":"projects by deshalb. | Desha Nujsongsinn Art Direction | Graphic Design","og_description":"Arbeiten von deshalb. | D\u00e9sha Nujsongsinn Art Direction | Grafikdesign | Illustration aus M\u00fcnchen","og_url":"https:\/\/deshalb.de\/de\/projekte\/","og_site_name":"deshalb.de","article_modified_time":"2026-03-16T19:55:07+00:00","og_image":[{"url":"https:\/\/deshalb.de\/wp-content\/uploads\/2018\/09\/deshalb_DeshaNujsongsinn_projects__branding_graphicdesign_logo_cover3.jpg","type":"","width":"","height":""}],"twitter_card":"summary_large_image","twitter_title":"Projekte von deshalb. | Desha Nujsongsinn \u2013 Art Direction | Grafikdesign","twitter_description":"Arbeiten von deshalb. | D\u00e9sha Nujsongsinn Art Direction | Grafikdesign | Illustration aus M\u00fcnchen","twitter_image":"https:\/\/deshalb.de\/wp-content\/uploads\/2018\/09\/deshalb_DeshaNujsongsinn_projects__branding_graphicdesign_logo_cover3.jpg","twitter_misc":{"Gesch\u00e4tzte Lesezeit":"1\u00a0Minute"},"schema":{"@context":"https:\/\/schema.org","@graph":[{"@type":"WebPage","@id":"https:\/\/deshalb.de\/de\/projekte\/","url":"https:\/\/deshalb.de\/de\/projekte\/","name":"Projekte \u2013 deshalb. | Desha Nujsongsinn Art Direction | Grafikdesign","isPartOf":{"@id":"https:\/\/deshalb.de\/de\/#website"},"datePublished":"2018-06-23T17:03:37+00:00","dateModified":"2026-03-16T19:55:07+00:00","description":"deshalb. | D\u00e9sha Nujsongsinn ist ein freiberuflicher Art Director und Grafikdesigner mit Sitz in M\u00fcnchen. Art Direction | Grafikdesign | Illustration","breadcrumb":{"@id":"https:\/\/deshalb.de\/de\/projekte\/#breadcrumb"},"inLanguage":"de","potentialAction":[{"@type":"ReadAction","target":["https:\/\/deshalb.de\/de\/projekte\/"]}]},{"@type":"BreadcrumbList","@id":"https:\/\/deshalb.de\/de\/projekte\/#breadcrumb","itemListElement":[{"@type":"ListItem","position":1,"name":"Startseite","item":"https:\/\/deshalb.de\/de\/"},{"@type":"ListItem","position":2,"name":"Projekte"}]},{"@type":"WebSite","@id":"https:\/\/deshalb.de\/de\/#website","url":"https:\/\/deshalb.de\/de\/","name":"deshalb.de","description":"deshalb. | D\u00e9sha Nujsongsinn Art Direction &amp; Design","publisher":{"@id":"https:\/\/deshalb.de\/de\/#organization"},"potentialAction":[{"@type":"SearchAction","target":{"@type":"EntryPoint","urlTemplate":"https:\/\/deshalb.de\/de\/?s={search_term_string}"},"query-input":{"@type":"PropertyValueSpecification","valueRequired":true,"valueName":"search_term_string"}}],"inLanguage":"de"},{"@type":"Organization","@id":"https:\/\/deshalb.de\/de\/#organization","name":"deshalb. | Desha Nujsongsinn","url":"https:\/\/deshalb.de\/de\/","logo":{"@type":"ImageObject","inLanguage":"de","@id":"https:\/\/deshalb.de\/de\/#\/schema\/logo\/image\/","url":"https:\/\/deshalb.de\/wp-content\/uploads\/2018\/09\/deshalb_logo-1.png","contentUrl":"https:\/\/deshalb.de\/wp-content\/uploads\/2018\/09\/deshalb_logo-1.png","width":780,"height":206,"caption":"deshalb. | Desha Nujsongsinn"},"image":{"@id":"https:\/\/deshalb.de\/de\/#\/schema\/logo\/image\/"},"sameAs":["https:\/\/www.instagram.com\/deshalbpunkt\/","https:\/\/www.linkedin.com\/company\/deshalb-","https:\/\/www.behance.net\/studiodeshalb"],"description":"Design may not change the world. The brands we help to create do. \u00abdeshalb.\u00bb is an independent design studio based in Germany. At \u00abdeshalb.\u00bb we shape visionary brands, curating experiences and campaigns that stand out. We stir up a bold cocktail of forward-thinking creativity, relentless optimism, and contagious energy to build something extraordinary. Our strategy involves technology and design to make every interaction with a brand leave an impact."}]}},"_links":{"self":[{"href":"https:\/\/deshalb.de\/de\/wp-json\/wp\/v2\/pages\/231870","targetHints":{"allow":["GET"]}}],"collection":[{"href":"https:\/\/deshalb.de\/de\/wp-json\/wp\/v2\/pages"}],"about":[{"href":"https:\/\/deshalb.de\/de\/wp-json\/wp\/v2\/types\/page"}],"author":[{"embeddable":true,"href":"https:\/\/deshalb.de\/de\/wp-json\/wp\/v2\/users\/1"}],"replies":[{"embeddable":true,"href":"https:\/\/deshalb.de\/de\/wp-json\/wp\/v2\/comments?post=231870"}],"version-history":[{"count":1,"href":"https:\/\/deshalb.de\/de\/wp-json\/wp\/v2\/pages\/231870\/revisions"}],"predecessor-version":[{"id":231939,"href":"https:\/\/deshalb.de\/de\/wp-json\/wp\/v2\/pages\/231870\/revisions\/231939"}],"wp:attachment":[{"href":"https:\/\/deshalb.de\/de\/wp-json\/wp\/v2\/media?parent=231870"}],"wp:term":[{"taxonomy":"dipi_cpt_category","embeddable":true,"href":"https:\/\/deshalb.de\/de\/wp-json\/wp\/v2\/dipi_cpt_category?post=231870"}],"curies":[{"name":"wp","href":"https:\/\/api.w.org\/{rel}","templated":true}]}}

<p>[et_pb_section fb_built=&#8220;1&#8243; fullwidth=&#8220;on&#8220; _builder_version=&#8220;4.16&#8243; global_colors_info=&#8220;{}&#8220;][et_pb_fullwidth_portfolio fullwidth=&#8220;off&#8220; include_categories=&#8220;3,7,11,2,17,357,14,359,360,361&#8243; show_date=&#8220;off&#8220; zoom_icon_color=&#8220;RGBA(255,255,255,0)&#8220; _builder_version=&#8220;4.27.5&#8243; portfolio_header_font=&#8220;Miso Bold||||||||&#8220; background_color=&#8220;#000000&#8243; hover_enabled=&#8220;0&#8243; global_colors_info=&#8220;{}&#8220; sticky_enabled=&#8220;0&#8243;][/et_pb_fullwidth_portfolio][/et_pb_section][et_pb_section fb_built=&#8220;1&#8243; _builder_version=&#8220;4.27.4&#8243; _module_preset=&#8220;default&#8220; background_color=&#8220;#000000&#8243; global_colors_info=&#8220;{}&#8220;][et_pb_row _builder_version=&#8220;4.27.4&#8243; _module_preset=&#8220;default&#8220; width=&#8220;90%&#8220; max_width=&#8220;2560px&#8220; custom_padding=&#8220;||4px|||&#8220; global_colors_info=&#8220;{}&#8220;][et_pb_column type=&#8220;4_4&#8243; _builder_version=&#8220;4.27.4&#8243; _module_preset=&#8220;default&#8220; global_colors_info=&#8220;{}&#8220;][et_pb_text _builder_version=&#8220;4.27.4&#8243; _module_preset=&#8220;default&#8220; text_font=&#8220;Miso Bold||||||||&#8220; text_text_color=&#8220;#FFFFFF&#8220; text_font_size=&#8220;80px&#8220; link_font=&#8220;||||on||||&#8220; link_text_color=&#8220;#FFFFFF&#8220; header_2_text_color=&#8220;#FFFFFF&#8220; header_2_font_size=&#8220;100px&#8220; header_2_letter_spacing=&#8220;1px&#8220; text_font_size_tablet=&#8220;60px&#8220; text_font_size_phone=&#8220;30px&#8220; text_font_size_last_edited=&#8220;on|tablet&#8220; link_letter_spacing_tablet=&#8220;&#8220; link_letter_spacing_phone=&#8220;&#8220; link_letter_spacing_last_edited=&#8220;on|desktop&#8220; header_2_font_size_tablet=&#8220;60px&#8220; header_2_font_size_phone=&#8220;30px&#8220; header_2_font_size_last_edited=&#8220;on|phone&#8220; global_colors_info=&#8220;{}&#8220; link_letter_spacing__hover_enabled=&#8220;on|hover&#8220; link_letter_spacing__hover=&#8220;1px&#8220;]</p>
<p class="p1">DESIGN RETTET VIELLEICHT NICHT DIE WELT. ABER ES KANN MARKEN FORMEN, DIE ETWAS VERÄNDERN. WIR ARBEITEN MIT GRÜNDERINNEN UND GRÜNDERN, UNTERNEHMEN UND MARKEN, DIE DEN MUT HABEN, NEUES ZU DENKEN. BEREIT FÜR DEN NÄCHSTEN SCHRITT?    <a href="mailto:info@deshalb.de">LASS UNS LOSLEGEN.</a></p>
<p>[/et_pb_text][/et_pb_column][/et_pb_row][/et_pb_section]</p>

<p>DESIGN RETTET VIELLEICHT NICHT DIE WELT. ABER ES KANN MARKEN FORMEN, DIE ETWAS VERÄNDERN. WIR ARBEITEN MIT GRÜNDERINNEN UND GRÜNDERN, UNTERNEHMEN UND MARKEN, DIE DEN MUT HABEN, NEUES ZU DENKEN. [&hellip;]</p>

<!-- This site is optimized with the Yoast SEO Premium plugin v27.4 (Yoast SEO v27.4) - https://yoast.com/product/yoast-seo-premium-wordpress/ -->
<title>Projekte – deshalb. | Desha Nujsongsinn Art Direction | Grafikdesign</title>
<meta name="description" content="deshalb. | Désha Nujsongsinn ist ein freiberuflicher Art Director und Grafikdesigner mit Sitz in München. Art Direction | Grafikdesign | Illustration" />
<meta name="robots" content="index, follow, max-snippet:-1, max-image-preview:large, max-video-preview:-1" />
<link rel="canonical" href="https://deshalb.de/de/projekte/" />
<meta property="og:locale" content="de_DE" />
<meta property="og:type" content="article" />
<meta property="og:title" content="projects by deshalb. | Desha Nujsongsinn Art Direction | Graphic Design" />
<meta property="og:description" content="Arbeiten von deshalb. | Désha Nujsongsinn Art Direction | Grafikdesign | Illustration aus München" />
<meta property="og:url" content="https://deshalb.de/de/projekte/" />
<meta property="og:site_name" content="deshalb.de" />
<meta property="article:modified_time" content="2026-03-16T19:55:07+00:00" />
<meta property="og:image" content="https://deshalb.de/wp-content/uploads/2018/09/deshalb_DeshaNujsongsinn_projects__branding_graphicdesign_logo_cover3.jpg" />
<meta name="twitter:card" content="summary_large_image" />
<meta name="twitter:title" content="Projekte von deshalb. | Desha Nujsongsinn – Art Direction | Grafikdesign" />
<meta name="twitter:description" content="Arbeiten von deshalb. | Désha Nujsongsinn Art Direction | Grafikdesign | Illustration aus München" />
<meta name="twitter:image" content="https://deshalb.de/wp-content/uploads/2018/09/deshalb_DeshaNujsongsinn_projects__branding_graphicdesign_logo_cover3.jpg" />
<meta name="twitter:label1" content="Geschätzte Lesezeit" />
	<meta name="twitter:data1" content="1 Minute" />
<script type="application/ld+json" class="yoast-schema-graph">{"@context":"https:\/\/schema.org","@graph":[{"@type":"WebPage","@id":"https:\/\/deshalb.de\/de\/projekte\/","url":"https:\/\/deshalb.de\/de\/projekte\/","name":"Projekte – deshalb. | Desha Nujsongsinn Art Direction | Grafikdesign","isPartOf":{"@id":"https:\/\/deshalb.de\/de\/#website"},"datePublished":"2018-06-23T17:03:37+00:00","dateModified":"2026-03-16T19:55:07+00:00","description":"deshalb. | Désha Nujsongsinn ist ein freiberuflicher Art Director und Grafikdesigner mit Sitz in München. Art Direction | Grafikdesign | Illustration","breadcrumb":{"@id":"https:\/\/deshalb.de\/de\/projekte\/#breadcrumb"},"inLanguage":"de","potentialAction":[{"@type":"ReadAction","target":["https:\/\/deshalb.de\/de\/projekte\/"]}]},{"@type":"BreadcrumbList","@id":"https:\/\/deshalb.de\/de\/projekte\/#breadcrumb","itemListElement":[{"@type":"ListItem","position":1,"name":"Startseite","item":"https:\/\/deshalb.de\/de\/"},{"@type":"ListItem","position":2,"name":"Projekte"}]},{"@type":"WebSite","@id":"https:\/\/deshalb.de\/de\/#website","url":"https:\/\/deshalb.de\/de\/","name":"deshalb.de","description":"deshalb. | Désha Nujsongsinn Art Direction &amp; Design","publisher":{"@id":"https:\/\/deshalb.de\/de\/#organization"},"potentialAction":[{"@type":"SearchAction","target":{"@type":"EntryPoint","urlTemplate":"https:\/\/deshalb.de\/de\/?s={search_term_string}"},"query-input":{"@type":"PropertyValueSpecification","valueRequired":true,"valueName":"search_term_string"}}],"inLanguage":"de"},{"@type":"Organization","@id":"https:\/\/deshalb.de\/de\/#organization","name":"deshalb. | Desha Nujsongsinn","url":"https:\/\/deshalb.de\/de\/","logo":{"@type":"ImageObject","inLanguage":"de","@id":"https:\/\/deshalb.de\/de\/#\/schema\/logo\/image\/","url":"https:\/\/deshalb.de\/wp-content\/uploads\/2018\/09\/deshalb_logo-1.png","contentUrl":"https:\/\/deshalb.de\/wp-content\/uploads\/2018\/09\/deshalb_logo-1.png","width":780,"height":206,"caption":"deshalb. | Desha Nujsongsinn"},"image":{"@id":"https:\/\/deshalb.de\/de\/#\/schema\/logo\/image\/"},"sameAs":["https:\/\/www.instagram.com\/deshalbpunkt\/","https:\/\/www.linkedin.com\/company\/deshalb-","https:\/\/www.behance.net\/studiodeshalb"],"description":"Design may not change the world. The brands we help to create do. «deshalb.» is an independent design studio based in Germany. At «deshalb.» we shape visionary brands, curating experiences and campaigns that stand out. We stir up a bold cocktail of forward-thinking creativity, relentless optimism, and contagious energy to build something extraordinary. Our strategy involves technology and design to make every interaction with a brand leave an impact."}]}</script>
<!-- / Yoast SEO Premium plugin. -->

deshalb. | Désha Nujsongsinn ist ein freiberuflicher Art Director und Grafikdesigner mit Sitz in München. Art Direction | Grafikdesign | Illustration

Arbeiten von deshalb. | Désha Nujsongsinn Art Direction | Grafikdesign | Illustration aus München

deshalb. | Désha Nujsongsinn Art Direction &amp; Design
